t b = 30 + k. What is the highest common divisor of b and 63?
9
Suppose 2*n + 1 = -7. Let g be (-9 - n)*24/(-10). Calculate the highest common factor of 8 and g.
4
Let o be 5 + 2/((-4)/(-2)). Calculate the highest common divisor of o and 6.
6
Let j = 51 + -39. Calculate the greatest common divisor of 6 and j.
6
Suppose 4*p - 14 - 2 = 0. Let f = p - 3. Let j be (-1 + f - 1)*-45. What is the highest common divisor of 15 and j?
15
Let r be -8 - 0/(1 - 0). Let i = 17 + r. Suppose 0 = n - l - i - 3, 5*l = n - 28. What is the highest common factor of 16 and n?
8
Suppose -4*k = -x - 26 + 2, 0 = -5*k - 4*x + 51. Calculate the greatest common divisor of k and 28.
7
Let f be ((-10)/(-6))/(3/(-1242)). Let q be f/9 - 2/6. Let k = 113 + q. What is the greatest common factor of k and 12?
12
Let r = 3 + 2. Suppose m = -5*n - 10, -m - 3*n = -r*m - 17. Let y(w) = w**3 + 5*w**2 - 2*w. Let l be y(m). What is the greatest common divisor of 80 and l?
10
Suppose -4*l + 3*y = -7 + 1, -5*l = -3*y - 6. Let a be -3 - (l + -2 - 13). What is the highest common factor of a and 30?
6
Let d(x) = 2*x. Let p(w) = 1 + 2*w - w + 3*w - 2. Let g(q) = -6*d(q) + 2*p(q). Let s be g(-8). What is the greatest common factor of 10 and s?
10
Let o be (-368)/(-12) - 4/6. Let l be (24/o)/(2/165). What is the highest common factor of l and 6?
6
Suppose 0 = 5*x - 15, 2*x - 41 = -5*a - 0*x. What is the highest common factor of 21 and a?
7
Let q be (-3 - -2)/((-2)/4). Suppose -r + q = -1. Let y(x) = 2*x**2 + 4. Let f be y(r). What is the highest common divisor of 33 and f?
11
Let s(w) = w**3 - 7*w**2 - 8*w. Let g be s(8). Suppose g = -3*i - 72 + 240. Let h(m) = 6*m - 4. Let f be h(3). Calculate the greatest common factor of i and f.
14
Let k be 44/6*(1 - -2). Let v(y) = 28*y**2 + y. Let j be v(-2). What is the highest common divisor of k and j?
22
Let w(d) = -d**3 + 7*d**2 + 8*d + 3. Let r be w(8). Suppose -63 = -r*k - 0*k. What is the greatest common divisor of 7 and k?
7
Let s be ((-15)/6)/(4/(-168)). What is the greatest common factor of 21 and s?
21
Let j(b) = 2*b**2 - 6*b - 9. Let z be j(9). Suppose -2*o + 5*o - z = 0. Suppose 0 = -w - w + 6. What is the greatest common divisor of o and w?
3
Suppose -v = -3*v + 6. Let i be (-2)/(-2) - 2 - -2. Let o be (i/2)/((-2)/(-8)). What is the greatest common divisor of v and o?
1
Suppose 6*h - 2*h - 28 = 0. Suppose 0 = 4*r - 4, -2*r - h = -0*d - 3*d. Suppose 0*j + 2*j - 54 = 0. Calculate the greatest common divisor of d and j.
3
Let m = 3 - 0. Suppose 2*d = -m*d + 5, p - 3*d = 9. Let r = p - -1. Calculate the greatest common factor of r and 104.
13
Let z = -76 + 125. What is the greatest common factor of 14 and z?
7
Let j = -2 + 9. Suppose 2*y + 15 = 5*z, -3*z + 3 = -2*z + y. Suppose 20 = -a - z*a, 88 = 3*b - 5*a. What is the highest common divisor of j and b?
7
Suppose 4*o - x = 827, -4*x = 3*o + 2*o - 1060. Calculate the highest common divisor of 26 and o.
26
Suppose c + 0*c = -4*d - 2, 0 = 2*c + d - 31. What is the highest common divisor of c and 63?
9
Let q = -102 - -144. What is the highest common divisor of 42 and q?
42
Let c = 11 - 7. Suppose c*l - 64 = -2*b, 0 = 5*b + 4*l - 56 - 104. Calculate the greatest common divisor of 16 and b.
16
Suppose -3*z + 7 + 8 = 0. Suppose l = 2*x + 7 - 0, -z*x - 15 = 0. Let k be 25 - l/(0 + 1). Calculate the highest common divisor of k and 12.
12
Let u(h) = -51*h - 3. Let m be u(-2). Let l = 11 + -4. Let w = 2 + l. Calculate the greatest common divisor of m and w.
9
Suppose -4*y - 5*x + 28 = -x, -3*y + 21 = x. Let s = 0 + 1. What is the greatest common factor of s and y?
1
Let c = -42 - -25. Let u = 29 + c. What is the greatest common factor of 108 and u?
12
Let b be ((-150)/(-8))/((-2)/(-8)). Calculate the highest common factor of 30 and b.
15
Let w(y) = -153*y**3 - y**2 + 1. Let z be w(-1). What is the greatest common factor of 17 and z?
17
Let c = 11 - -1. Calculate the greatest common factor of c and 132.
12
Let i = -198 + 296. Calculate the highest common divisor of i and 14.
14
Let o = 111 + -71. What is the greatest common divisor of 16 and o?
8
Let a(i) = 22*i**2 + 4*i + 3. Let r be a(-2). Suppose -2*s + 27 = 5*g, 0*g + 3*g = 5*s - r. Let b = 15 + -7. Calculate the highest common divisor of s and b.
8
Let a be 8/12*42/4. Let l = -4 + a. Suppose -l*o + 7*o - 33 = -5*b, 36 = 4*o + 4*b. Calculate the greatest common factor of o and 36.
12
Let l = 477 - 290. What is the highest common factor of 17 and l?
17
Let t = 367 + -257. Let r(q) be the second derivative of q**3/3 - 7*q**2 + 5*q. Let x be r(12). What is the highest common factor of x and t?
10
Let a be ((-54)/3)/(2 + -4). Suppose 4*v = -0*v + 180. What is the greatest common divisor of a and v?
9
Let a(x) = 5*x - 45. Let l be a(15). What is the greatest common factor of 2 and l?
2
Suppose -171 = -4*u + 3*t - 2*t, -u = 2*t - 54. What is the greatest common factor of u and 110?
22
Suppose w + 6 = 4*w. Suppose -5*l - 3*o = -60, -5*l + w*o = -9*l + 46. What is the highest common factor of 9 and l?
9
Suppose 0 = 2*b - 7*b - 5*v - 5, -2*v = 10. Suppose -w = 2 - b. Calculate the greatest common divisor of w and 4.
2
Let o(h) = 21*h**2 + h. Let y be o(-1). Suppose 4*k - y = 0, 8*p = 3*p + 2*k. Let i be (-1)/(-3)*p*30. What is the greatest common factor of i and 50?
10
Suppose 4*y = 2*o - 10, 0 = -6*y + 3*y + 12. Calculate the highest common divisor of o and 143.
13
Let b be 0/(0 - (-1 - -2)). Let f(j) = -2*j + 27. Let u be f(b). What is the highest common divisor of u and 135?
27
Let x(d) = d**2 + 3*d - 6. Let q be x(3). Let u = q + -9. What is the highest common divisor of u and 27?
3
Suppose 150 = 4*d + 2*d. Calculate the greatest common factor of d and 25.
25
Let r(m) = m**2 + 16. Let t be r(0). Let z(j) = -j - 2. Let o be z(3). Let x be 0 + o/((-15)/528). Calculate the greatest common divisor of t and x.
16
Let k(d) = d**3 + d. Let s be k(3). Suppose 3*m = 4*v - 3, 4 = -4*m - 0*v + v. Let w be (m - 0)/(2/(-24)). What is the greatest common divisor of s and w?
6
Let f(o) = -5*o - 16. Let q be f(-9). What is the greatest common factor of 58 and q?
29
Let c = -2 + -7. Let x(s) = s**3 + 8*s**2 - 8*s + 13. Let a be x(c). Suppose 288 = a*w - 0*w. What is the greatest common factor of w and 8?
8
Suppose 18 = n - 8. Let c = -49 + 101. What is the highest common factor of c and n?
26
Let y = -107 - -179. Calculate the greatest common factor of y and 48.
24
Suppose 16 = 4*p - 5*o, -3*p + 2*o + 4 = -2*p. Let r be 2/(-4) + 62/p. Let k(z) = 4*z**2 - 5*z + 6. Let v be k(6). What is the highest common factor of r and v?
15
Suppose -56 = -g - 4. Suppose l = 13 + g. Calculate the highest common divisor of 26 and l.
13
Suppose -34 + 2 = 2*u. Let k = 8 - u. Let v = k + -17. Calculate the highest common divisor of v and 49.
7
Suppose 5*a - 2*a - 12 = 0. Let k be -1*-1*(-5)/1. Let b = a - k. Calculate the greatest common divisor of b and 1.
1
Suppose 4*l + 15 = l. Let u = 25 - l. Calculate the highest common factor of u and 20.
10
Suppose 2*i - 4*i + 4 = 0. Suppose -2*n - 5*b + 53 = -n, 4*n + 5*b = 197. Suppose -x = i*x - n. What is the greatest common factor of x and 8?
8
Let g be -2*(31/(-2) - 1). What is the greatest common divisor of 22 and g?
11
Let p = 77 - 43. Calculate the highest common factor of 51 and p.
17
Let w = 43 - 37. Calculate the greatest common factor of 48 and w.
6
Let y = 1 - -1. Suppose 0 = -y*n + n. Let f(m) = -m**2 - m + 10. Let i be f(n). What is the greatest common divisor of i and 10?
10
Let a(v) = -3*v**3 - 2. Let p be a(2). Let d = -2 - p. What is the greatest common factor of d and 3?
3
Let g be (-14 - -11)*2/(-3). Let l be g/((-4)/(-130)) - 2. Calculate the highest common factor of 9 and l.
9
Let l = 3 + 2. Let a = -1 + l. What is the greatest common factor of 40 and a?
4
Let g = -89 + 98. Calculate the greatest common divisor of g and 171.
9
Suppose 0 = -4*q - 1 - 7. Let r be (-1)/q - (-44)/8. Let z be ((-9)/r)/((-2)/12). Calculate the greatest common divisor of 63 and z.
9
Suppose 4*k - 2 = -5*l - 233, 0 = -3*k + 2*l - 156. Let u = 83 + k. Calculate the highest common factor of 87 and u.
29
Let l(m) = -m + 9. Let d be l(1). Let p be ((-6)/7)/(3/(-21)). Let y be (-12)/(1 - 7/p). What is the highest common factor of d and y?
8
Let x be 4/